


{"id":1242,"date":"2023-06-06T18:00:53","date_gmt":"2023-06-06T15:00:53","guid":{"rendered":"http:\/\/draftec.pro.swtest.ru\/?page_id=1242"},"modified":"2023-07-21T12:31:35","modified_gmt":"2023-07-21T09:31:35","slug":"stroitelstvo","status":"publish","type":"page","link":"https:\/\/draftec.pro\/esp\/stroitelstvo\/","title":{"rendered":"Construcci\u00f3n"},"content":{"rendered":"<div id=\"fws_69e0e9e2a3103\"  data-column-margin=\"default\" data-midnight=\"dark\"  class=\"wpb_row vc_row-fluid vc_row bim_perb bottom_margin_100px bottom_margin_tablet_64px\"  style=\"padding-top: 0px; padding-bottom: 0px; \"><div class=\"row-bg-wrap\" data-bg-animation=\"none\" data-bg-animation-delay=\"\" data-bg-overlay=\"false\"><div class=\"inner-wrap row-bg-layer\" ><div class=\"row-bg viewport-desktop\"  style=\"\"><\/div><\/div><\/div><div class=\"row_col_wrap_12 col span_12 dark left\">\n\t<div  class=\"vc_col-sm-12 wpb_column column_container vc_column_container col has-animation no-extra-padding inherit_tablet inherit_phone\"  data-padding-pos=\"all\" data-has-bg-color=\"false\" data-bg-color=\"\" data-bg-opacity=\"1\" data-animation=\"fade-in-from-bottom\" data-delay=\"0\" >\n\t\t<div class=\"vc_column-inner\" >\n\t\t\t<div class=\"wpb_wrapper\">\n\t\t\t\t<h1 style=\"text-align: left\" class=\"vc_custom_heading\" >Construcci\u00f3n<\/h1>\n<div class=\"wpb_text_column wpb_content_element\" >\n\t<div class=\"wpb_wrapper\">\n\t\t<p class=\"text\">La aplicaci\u00f3n de BIM en la fase de construcci\u00f3n permite un mayor control de la calidad de los trabajos realizados, el cumplimiento del cronograma de obras, la reducci\u00f3n de errores en la ejecuci\u00f3n de los trabajos de construcci\u00f3n y la aceleraci\u00f3n del proceso de construcci\u00f3n. Tambi\u00e9n permite la simulaci\u00f3n de los procesos de construcci\u00f3n, el c\u00e1lculo de la log\u00edstica y la planificaci\u00f3n de las rutas en el lugar de construcci\u00f3n, y la correcci\u00f3n oportuna del proyecto utilizando el modelo BIM.<\/p>\n\t<\/div>\n<\/div>\n\n\n\n<div class=\"img-with-aniamtion-wrap\" data-max-width=\"100%\" data-max-width-mobile=\"default\" data-shadow=\"none\" data-animation=\"none\" >\n      <div class=\"inner\">\n        <div class=\"hover-wrap\"> \n          <div class=\"hover-wrap-inner\">\n            <img loading=\"lazy\" decoding=\"async\" class=\"img-with-animation skip-lazy\" data-delay=\"0\" height=\"322\" width=\"515\" data-animation=\"none\" src=\"https:\/\/draftec.pro\/wp-content\/uploads\/2023\/06\/group-485.jpg\" alt=\"\" srcset=\"https:\/\/draftec.pro\/wp-content\/uploads\/2023\/06\/group-485.jpg 515w, https:\/\/draftec.pro\/wp-content\/uploads\/2023\/06\/group-485-300x188.jpg 300w\" sizes=\"auto, (max-width: 515px) 100vw, 515px\" \/>\n          <\/div>\n        <\/div>\n      <\/div>\n    <\/div>\n\t\t\t<\/div> \n\t\t<\/div>\n\t<\/div> \n<\/div><\/div>\n\t\t<div id=\"fws_69e0e9e2a4139\"  data-column-margin=\"default\" data-midnight=\"dark\"  class=\"wpb_row vc_row-fluid vc_row bim_etap bottom_margin_100px bottom_margin_tablet_64px\"  style=\"padding-top: 0px; padding-bottom: 0px; \"><div class=\"row-bg-wrap\" data-bg-animation=\"none\" data-bg-animation-delay=\"\" data-bg-overlay=\"false\"><div class=\"inner-wrap row-bg-layer\" ><div class=\"row-bg viewport-desktop\"  style=\"\"><\/div><\/div><\/div><div class=\"row_col_wrap_12 col span_12 dark left\">\n\t<div  class=\"vc_col-sm-12 wpb_column column_container vc_column_container col has-animation no-extra-padding inherit_tablet inherit_phone\"  data-padding-pos=\"all\" data-has-bg-color=\"false\" data-bg-color=\"\" data-bg-opacity=\"1\" data-animation=\"fade-in-from-left\" data-delay=\"0\" >\n\t\t<div class=\"vc_column-inner\" >\n\t\t\t<div class=\"wpb_wrapper\">\n\t\t\t\t<h2 style=\"text-align: left\" class=\"vc_custom_heading\" >SERVICIOS<\/h2><div class=\"toggles\" data-br=\"\" data-starting=\"default\" data-style=\"minimal\"><div class=\"toggle default\" data-inner-wrap=\"true\"><h3 class=\"toggle-title\"><a href=\"#\" class=\"toggle-heading\"><i class=\"fa fa-plus-circle\"><\/i>Configuraci\u00f3n de un espacio de informaci\u00f3n compartida<\/a><\/h3><div><div class=\"inner-toggle-wrap\">\n<div class=\"wpb_text_column wpb_content_element\" >\n\t<div class=\"wpb_wrapper\">\n\t\t<p class=\"text\">Para garantizar una r\u00e1pida compartici\u00f3n de informaci\u00f3n e interacci\u00f3n entre los participantes del proyecto, creamos un espacio de informaci\u00f3n de trabajo que ser\u00e1 accesible para todas las personas y organizaciones involucradas en su proceso de construcci\u00f3n. Para lograr este objetivo, utilizamos productos de informaci\u00f3n comprensibles y probados que han demostrado su valor en la industria.<\/p>\n<p class=\"text\"><strong>Resultado:<\/strong> Sistema convenientemente personalizado para la interacci\u00f3n entre los participantes del proceso.<\/p>\n\t<\/div>\n<\/div>\n\n\n\n<\/div><\/div><\/div><div class=\"toggle default\" data-inner-wrap=\"true\"><h3 class=\"toggle-title\"><a href=\"#\" class=\"toggle-heading\"><i class=\"fa fa-plus-circle\"><\/i>VDC Supervisi\u00f3n<\/a><\/h3><div><div class=\"inner-toggle-wrap\">\n<div class=\"wpb_text_column wpb_content_element\" >\n\t<div class=\"wpb_wrapper\">\n\t\t<p class=\"text\">En la etapa de construcci\u00f3n, se realizan las siguientes tareas:<\/p>\n<ul>\n<li>realizamos una revisi\u00f3n t\u00e9cnica y verificaci\u00f3n de la documentaci\u00f3n ejecutiva, emitiendo informes de desviaciones con respecto a la documentaci\u00f3n del proyecto, normas y regulaciones.<\/li>\n<li>desarrollamos un plan de organizaci\u00f3n de la construcci\u00f3n y documentaci\u00f3n de dise\u00f1o y operativa.<\/li>\n<li>realizamos un seguimiento en 4D de las actividades de construcci\u00f3n e instalaci\u00f3n, la provisi\u00f3n de materiales y equipos, y las actividades de puesta en marcha.<\/li>\n<li>emitimos registros de desviaciones de los cronogramas de construcci\u00f3n directiva con indicadores de colores para las desviaciones cr\u00edticas<\/li>\n<\/ul>\n<p class=\"text\"><strong>Nuestro equipo<\/strong><\/p>\n<ul>\n<li>proporciona acceso a m\u00e9todos avanzados de supervisi\u00f3n de autor\u00eda.<\/li>\n<li>permite la pronta entrega de datos precisos y explicaciones sobre el proyecto, lo que contribuye a una gesti\u00f3n m\u00e1s efectiva del proceso de construcci\u00f3n.<\/li>\n<li>facilita la capacidad de modificar de manera \u00e1gil el plan interactivo de construcci\u00f3n, lo que permite una respuesta r\u00e1pida a los cambios en el proceso de construcci\u00f3n y minimiza los riesgos de retrasos y problemas.<\/li>\n<\/ul>\n\t<\/div>\n<\/div>\n\n\n\n<\/div><\/div><\/div><div class=\"toggle default\" data-inner-wrap=\"true\"><h3 class=\"toggle-title\"><a href=\"#\" class=\"toggle-heading\"><i class=\"fa fa-plus-circle\"><\/i>Preparaci\u00f3n de la documentaci\u00f3n ejecutiva final<\/a><\/h3><div><div class=\"inner-toggle-wrap\">\n<div class=\"wpb_text_column wpb_content_element\" >\n\t<div class=\"wpb_wrapper\">\n\t\t<p class=\"text\">El proceso de preparaci\u00f3n del modelo de informaci\u00f3n ejecutiva incluye varias etapas.<\/p>\n<p class=\"text\">1. Verificaci\u00f3n de la integridad de la informaci\u00f3n sobre los materiales y equipos utilizados en el proyecto, incluyendo la comprobaci\u00f3n de su cumplimiento con los requisitos establecidos y la disponibilidad de certificados de calidad, cat\u00e1logos y hojas t\u00e9cnicas.<br \/>\n2. Rellenar el modelo de informaci\u00f3n con documentaci\u00f3n t\u00e9cnica, enlaces URL a certificados de calidad, cat\u00e1logos y hojas t\u00e9cnicas, asegurando la disponibilidad de la documentaci\u00f3n relevante para el cliente y otras partes interesadas.<br \/>\n3. Se cargan en el modelo documentos escaneados que acompa\u00f1aron el proceso de construcci\u00f3n, como actas de trabajos ocultos y de recepci\u00f3n, as\u00ed como garant\u00edas, lo que permite conservar toda la documentaci\u00f3n del proyecto en un solo lugar y facilita su acceso y an\u00e1lisis.<br \/>\n4. Verificaci\u00f3n de cumplimiento y calidad: una vez cargados todos los documentos en el modelo, se realiza una verificaci\u00f3n para asegurarse de que cumplan con los requisitos establecidos y que la calidad del modelo de informaci\u00f3n ejecutivo sea la adecuada. En caso de detectar discrepancias o errores, se procede a corregirlos para garantizar la precisi\u00f3n y la integridad de la informaci\u00f3n.<\/p>\n<p class=\"text\">Despu\u00e9s de completar todas las verificaciones y correcciones, la documentaci\u00f3n ejecutiva del objeto tal como se construy\u00f3 se entrega al cliente. Esta documentaci\u00f3n contiene todos los datos necesarios sobre materiales, equipos, certificados de aceptaci\u00f3n y compromisos de garant\u00eda, y puede ser utilizada por el cliente para la operaci\u00f3n y el mantenimiento de la instalaci\u00f3n.<\/p>\n<p class=\"text\"><strong>Resultado:<\/strong> Modelo de informaci\u00f3n del objeto tal como se hizo (As-Made Object)<\/p>\n\t<\/div>\n<\/div>\n\n\n\n<\/div><\/div><\/div><\/div>\n\n\n\n\n\n\n\n\n\n\n\n\n\n\n\n\n\n\n\n\n\t\t\t<\/div> \n\t\t<\/div>\n\t<\/div> \n<\/div><\/div>\n\t\t<div id=\"fws_69e0e9e2a4f1f\"  data-column-margin=\"default\" data-midnight=\"dark\"  class=\"wpb_row vc_row-fluid vc_row bim_du bottom_margin_100px bottom_margin_tablet_64px\"  style=\"padding-top: 0px; padding-bottom: 0px; \"><div class=\"row-bg-wrap\" data-bg-animation=\"none\" data-bg-animation-delay=\"\" data-bg-overlay=\"false\"><div class=\"inner-wrap row-bg-layer\" ><div class=\"row-bg viewport-desktop\"  style=\"\"><\/div><\/div><\/div><div class=\"row_col_wrap_12 col span_12 dark left\">\n\t<div  class=\"vc_col-sm-12 wpb_column column_container vc_column_container col has-animation no-extra-padding inherit_tablet inherit_phone\"  data-padding-pos=\"all\" data-has-bg-color=\"false\" data-bg-color=\"\" data-bg-opacity=\"1\" data-animation=\"fade-in-from-left\" data-delay=\"0\" >\n\t\t<div class=\"vc_column-inner\" >\n\t\t\t<div class=\"wpb_wrapper\">\n\t\t\t\t<h2 style=\"text-align: left\" class=\"vc_custom_heading\" >Servicios en otras etapas<\/h2><div class=\"nectar-fancy-box nectar-underline using-img  aspect-1-1\"  data-style=\"image_above_text_underline\" data-border-radius=\"default\" data-animation=\"\" data-delay=\"\" data-alignment=\"left\"><div class=\"image-wrap\"><div class=\"box-bg\"  style=\"background-image: url('https:\/\/draftec.pro\/wp-content\/uploads\/2023\/06\/proektirovanie-min.jpg'); \"><\/div><\/div>\n\t\t<div class=\"text\">\n<p class=\"gir\">Dise\u00f1o<\/p>\n<\/div> <a  href=\"https:\/\/draftec.pro\/esp\/proektirovanie\/\" class=\"box-link\"><\/a>\n\t\t<\/div><div class=\"nectar-fancy-box nectar-underline using-img  aspect-1-1\"  data-style=\"image_above_text_underline\" data-border-radius=\"default\" data-animation=\"\" data-delay=\"\" data-alignment=\"left\"><div class=\"image-wrap\"><div class=\"box-bg\"  style=\"background-image: url('https:\/\/draftec.pro\/wp-content\/uploads\/2023\/06\/expluat-min.jpg'); \"><\/div><\/div>\n\t\t<div class=\"text\">\n<p class=\"gir\">Operaci\u00f3n<\/p>\n<\/div> <a  href=\"https:\/\/draftec.pro\/esp\/ekspluatacziya\/\" class=\"box-link\"><\/a>\n\t\t<\/div>\n\t\t\t<\/div> \n\t\t<\/div>\n\t<\/div> \n<\/div><\/div>","protected":false},"excerpt":{"rendered":"<p>&#8230;<\/p>","protected":false},"author":2,"featured_media":0,"parent":0,"menu_order":0,"comment_status":"closed","ping_status":"closed","template":"","meta":{"inline_featured_image":false,"footnotes":""},"class_list":["post-1242","page","type-page","status-publish"],"_links":{"self":[{"href":"https:\/\/draftec.pro\/esp\/wp-json\/wp\/v2\/pages\/1242","targetHints":{"allow":["GET"]}}],"collection":[{"href":"https:\/\/draftec.pro\/esp\/wp-json\/wp\/v2\/pages"}],"about":[{"href":"https:\/\/draftec.pro\/esp\/wp-json\/wp\/v2\/types\/page"}],"author":[{"embeddable":true,"href":"https:\/\/draftec.pro\/esp\/wp-json\/wp\/v2\/users\/2"}],"replies":[{"embeddable":true,"href":"https:\/\/draftec.pro\/esp\/wp-json\/wp\/v2\/comments?post=1242"}],"version-history":[{"count":23,"href":"https:\/\/draftec.pro\/esp\/wp-json\/wp\/v2\/pages\/1242\/revisions"}],"predecessor-version":[{"id":2897,"href":"https:\/\/draftec.pro\/esp\/wp-json\/wp\/v2\/pages\/1242\/revisions\/2897"}],"wp:attachment":[{"href":"https:\/\/draftec.pro\/esp\/wp-json\/wp\/v2\/media?parent=1242"}],"curies":[{"name":"wp","href":"https:\/\/api.w.org\/{rel}","templated":true}]}}